- r = 5*k. List the prime factors of k.
2, 7
Let k = -6 - -2. What are the prime factors of (1 + k - -2)*-28?
2, 7
List the prime factors of 1/2 + (-98)/(-4).
5
Suppose -3*f = -3*r - f + 121, -r = 2*f - 27. List the prime factors of r.
37
Let v be 141/12 + 2/8. Suppose 5*m - 12 + 2 = 0. Suppose m*x + v = 4*x. What are the prime factors of x?
2, 3
What are the prime factors of (-3 - -5 - 6/2) + 295?
2, 3, 7
Suppose 6*m + 24 = 2*m. What are the prime factors of m/(-2) + 1 + 12?
2
Suppose -4*o + 5 = -7. Suppose 3*t - 2*g - 3 = -o*g, 5*g = 3*t - 21. Let l = t - -1. List the prime factors of l.
3
Let q = -12 + 44. Suppose -4*o - 107 = -5*n, 26 + 12 = 2*n - 4*o. Let k = q - n. What are the prime factors of k?
3
Suppose -4*w + 2 = -10. Suppose -w*v + 27 = -0*v. List the prime factors of v.
3
Suppose 5*y - 196 = 4*c, 0 = -2*y + c + 40 + 39. What are the prime factors of y?
2, 5
Let v be 0/(0/3 - -2). Let q(z) = 2*z**2 + 25. Let f(p) = 3*p**2 + 37. Let i(y) = 5*f(y) - 7*q(y). What are the prime factors of i(v)?
2, 5
Let c = -8 + 8. Let o = c - -12. Suppose t + o = 3*t. List the prime factors of t.
2, 3
Suppose -c - 2*v = 3*c, -v = c + 2. Let r(m) = -2 - m + 3 + c. List the prime factors of r(0).
3
Let r(x) = 4*x. Let u be r(-8). Suppose h = -4*k + 2*h + 15, -k - 5*h = -9. What are the prime factors of (-1)/k + (-232)/u?
7
Let q(k) = 3*k**3 + 9*k**2 - 5*k + 5. Let n(m) = 8*m**3 + 28*m**2 - 14*m + 15. Let v(t) = -4*n(t) + 11*q(t). List the prime factors of v(13).
2
Let p(g) = -g - 2. Let u(q) = q. Let n(c) = -p(c) + 3*u(c). List the prime factors of n(7).
2, 3, 5
Let a(r) = r**3 - 4*r**2 + 3*r + 3. Let g be a(3). Suppose -2*h + g*h - 26 = 0. What are the prime factors of h?
2, 13
Let b(o) = -2 + 6*o**3 + 3*o + o**2 + 3*o**3 - 8*o**3. What are the prime factors of b(3)?
43
Suppose 5 = y, -6*x - 2*y = -x - 30. List the prime factors of 62/8 - (-1)/x.
2
Suppose 674 = -2*f + 206. Let h be f/(-14) - (-4)/14. Suppose 2*a = d + h, 3*a - 18 = 2*d + 2*d. What are the prime factors of a?
2, 5
Suppose 0 = h - 9 - 43. What are the prime factors of h?
2, 13
Suppose 2*b - 14 = -3*a, -2*a = -2*b - 6*a + 14. Let q = b - -2. List the prime factors of q.
3
Suppose 8*z - 4*z = 0. Suppose -52 = -5*a + 2*k, z = -k - 1. What are the prime factors of a?
2, 5
Let k be 1*(-1 + 1 - -3). Suppose 4*r + 4*a = 36, -6*r = -k*r + 2*a - 26. List the prime factors of r.
2
Let c = 12 - 7. Let x(t) = t**3 - 6*t**2 + 6*t - 4. Let y be x(c). Suppose -3*v - y + 10 = 0. What are the prime factors of v?
3
Suppose 2*a = 5*a - 9. Suppose -7*f + a*f = -12. Suppose 0 = 2*j - q - 14, -f*j + 2*q + 27 = 4. What are the prime factors of j?
5
Suppose -2*j + 2*k + k = -88, 3*k = -12. List the prime factors of j.
2, 19
Let d(h) = h + 19. Let p be d(0). Suppose -p = 4*y - 87. List the prime factors of y.
17
Let o(b) = 3*b**2 + b. Let x be o(-1). Suppose -q - p + 10 = -3*p, -x*q = -p - 8. What are the prime factors of (-5*1)/((-2)/q)?
5
Suppose 20 = -r + 2*r. Let i = r + 2. What are the prime factors of i?
2, 11
List the prime factors of -5 + 623/28 - 6/(-8).
2, 3
Let o(m) = -m. Let i be o(-1). Let a be 1 - 1*-2 - i. Suppose a - 14 = -2*s. What are the prime factors of s?
2, 3
Let y(b) = 43*b**2 - 4*b - 11. List the prime factors of y(-2).
13
Let p be 6/4*(-4)/(-3). Suppose 21 = u - 3*k - p, 0 = 5*u - 3*k - 55. What are the prime factors of u?
2
Let q(m) = m**3 - 5*m**2 - 5*m - 1. Let d be q(6). Suppose -3*l = -d*c - 6*l + 234, 5*c - 238 = -l. List the prime factors of ((-1)/(-2))/(6/c).
2
Let j(c) = -c**3 - 8*c**2 + c. Let a be j(-8). Let f = a - -22. What are the prime factors of f?
2, 7
Let i(l) = -l**3 + l**2 + 17*l. What are the prime factors of i(-7)?
3, 7, 13
Let q be (-2)/4 - 3/2. Let o = q - -7. List the prime factors of o.
5
Let h(y) = -y**3 - 4*y**2 - 5*y + 4. What are the prime factors of h(-4)?
2, 3
Suppose -2*q - 6*v + 4 = -4*v, 5*q - 4*v = -8. Suppose -5*z - 6 + 16 = -a, -3*a - 15 = q. What are the prime factors of z - (-2)/2 - -6?
2
Let q(c) = 3*c**2 - 5 - 6*c - 4*c - 5*c**2 + c**2. List the prime factors of q(-4).
19
Let h = 5 - 17. Let p be (-316)/16 - (-1)/(-4). Let y = h - p. What are the prime factors of y?
2
Suppose -4*v + 3*q = -99, 5*v + 2*q - 90 = -q. Let k = v + -11. List the prime factors of k.
2, 5
Let a be 12/(-42) - (-72)/7. List the prime factors of 2/a - 117/(-65).
2
What are the prime factors of (2/4)/((-2)/(-116))?
29
What are the prime factors of (2/8 - (-145)/20)*2?
3, 5
Let c = 9 + -14. Let y = c + 17. What are the prime factors of y?
2, 3
Suppose 0 = 5*p - 15, -11 = -3*k - 3*p + 16. Let n = 23 - k. What are the prime factors of n?
17
Let y = -46 - -89. List the prime factors of y.
43
Let q = -6 - -18. Let n = q - 5. What are the prime factors of n?
7
Let y = -187 - -93. Let z = y - -146. Suppose -4*l + 2*a = -42, -2*a + z = 5*l - 5*a. What are the prime factors of l?
11
Let l = 157 - 73. What are the prime factors of l?
2, 3, 7
Let w(v) = 19*v**2 - v. What are the prime factors of w(1)?
2, 3
Let g be (-4)/22 + (-2)/(-11). Suppose -5*l + 13 = -7. Suppose g*u - 32 = -l*u. List the prime factors of u.
2
Suppose -5*s - 25 = 4*b, -b + s = b - 5. Let u be -9 + 11 - -3*3. Suppose p + b*p - u = 0. List the prime factors of p.
11
Suppose 0 = -3*n - 4*i + 83, 5*i = -2*n + i + 58. What are the prime factors of n?
5
Suppose 4*c + 3 + 5 = 0. List the prime factors of 9*(-8)/(-6) + c.
2, 5
Let c be 10/2*(-8)/10. Let p(s) = -s**3 - 3*s**2 - s + 1. Let g be p(c). Suppose -5*d + g = 2*y - y, -y - 2*d = -12. List the prime factors of y.
2, 3
Let s be ((-119)/(-21))/(1/(-6)). Let p = 51 + s. List the prime factors of p.
17
Suppose -195*g - 153 = -196*g. What are the prime factors of g?
3, 17
Let g = 390 + -30. What are the prime factors of g?
2, 3, 5
Let l = -95 - -130. What are the prime factors of l?
5, 7
Let z = 13 + 19. What are the prime factors of z?
2
What are the prime factors of 678/4 + (-7)/14?
13
Let c(q) = q - 7. Let d be c(10). Suppose d = 2*i - 15. What are the prime factors of i?
3
List the prime factors of 255 - (5 - (-1 - -6)).
3, 5, 17
Let v(r) = -r + 6. Let m be v(5). Let c be m + 6 + 3 + -1. Suppose -c = -0*p - p. List the prime factors of p.
3
Let f(z) = -z**3 + 4*z**2 + z - 2. Let x be f(4). Let a(d) = 4*d. List the prime factors of a(x).
2
Suppose -3*y + 12 + 0 = 0. Suppose 16 = 3*u - 44. Suppose y*p = -u, 1 + 19 = 5*h - p. What are the prime factors of h?
3
Suppose -18 = -2*s - 6. Let g(d) = d**2. Let l be g(s). List the prime factors of (9/6 + -1)*l.
2, 3
Suppose -4*j + 2*n = n - 54, 5*j - 80 = -5*n. Let y = 9 - j. What are the prime factors of (-7 - y) + (-13)/(-1)?
11
Suppose -242 - 16 = -2*j. What are the prime factors of j?
3, 43
Let o = -119 - -306. What are the prime factors of o?
11, 17
Let s = 11 + -7. Suppose j = -h - 3*j + 45, h = 2*j + 51. Suppose s*a - 58 = 2*w, -a - a + h = -5*w. List the prime factors of a.
2, 3
Suppose k = -i + 245, -3*k = 5*i - 6*k - 1233. List the prime factors of i.
2, 3, 41
Suppose 3*p - 9 = 2*p. Let d = 13 - p. List the prime factors of d.
2
Let n(r) = r**3 + 10*r**2 + 4*r - 5. Let i be n(-9). Suppose -4*a = -24 - i. List the prime factors of a.
2
Suppose u + 0*u - 21 = 2*y, 0 = 5*y - 10. Let s = u - 12. List the prime factors of s.
13
Let v(j) = j**3 + j**2 - 10. Let q be v(0). Let g be (2 - 1)/((-2)/q). Suppose 0 = -g*w, 75 = 5*k + w + 20. What are the prime factors of k?
11
Suppose 4*k + 4*a = -4, 3 = 2*a - 3*a. Let i(l) = 2*l**2 + 3*l - 3. List the prime factors of i(k).
11
Suppose -4*j - 41 = -309. What are the prime factors of j?
67
Let s(y) = 4*y**2 + y + 2. Let k be s(2). Let r = -5 + k. List the prime factors of r.
3, 5
Suppose 14 = 2*g - 26. Suppose 5*c - g = c. Suppose -c*a + 0*a = -50. List the prime factors of a.
2, 5
Suppose 0 = -6*z - 17 + 53. Let a be (-1*2 + 1)*-5. Let b = z + a. What are the prime factors of b?
11
Suppose h - 75 = m, 2*h - 3*m - 154 = -0*h. What are the prime factors of h?
71
Let m = -8 + 13. Suppose m*s + 1715 = 475. List the prime factors of (-10)/(-45) + s/(-18).
2, 7
Let w = 266 + -164. List the prime factors of w.
2, 3, 17
Let b(c) = -5*c - 5. Let t(z) = -6*z + 3. Let m(d) = -7*d + 3. Let a(v) = -5*m(v) + 6*t(v). Let p be a(7). List the prime factors of b(p).
3, 5
Suppose -3*f - 4*v 